-1)*4. Is ((-6)/m)/(1/(-22)) prime?
False
Let x(p) be the second derivative of -43*p**5/20 - p**4/6 - p**3/6 + p**2/2 + 3*p. Is x(-2) a prime number?
False
Suppose 2*v = 7 + 5. Let p = -37 + 36. Is 74*(-3)/v*p composite?
False
Let x(f) = -117*f**3 + f**2 - f - 1. Suppose -u + 4*u + 3 = 0. Let p be x(u). Suppose 0*s + 3*q = 5*s - p, -3 = 3*q. Is s a prime number?
True
Let f be (-30)/(-8)*(-40)/(-5). Suppose 0 = -3*h + 261 + f. Is h composite?
False
Suppose 2*q - 508 = -2*q. Is q prime?
True
Is -26*(52/(-8) - -3) a composite number?
True
Let l = -8 - -12. Suppose 0*k - 726 = -l*c - 2*k, 2*k = -3*c + 543. Suppose -5*z - g = g - c, -4*z + 2*g = -132. Is z a composite number?
True
Let a(y) = -y**3 + 3*y**2 + 5*y + 3. Let u be a(4). Let z(c) be the second derivative of 11*c**3/6 - 3*c**2/2 - 4*c. Is z(u) prime?
False
Suppose -4*w + 3*x = -675, -w - 5*x + 9 = -131. Suppose w = -3*r + 8*r. Is r a composite number?
True
Let h = 8738 - 5961. Is h a composite number?
False
Suppose -2903 = -3*p + 2*f - 3*f, 0 = 5*p - 4*f - 4827. Is p composite?
False
Let u = 3089 + -150. Is u a prime number?
True
Suppose 3*m = x + 3 + 5, 2*m - 16 = -2*x. Suppose -h - 2*w = -0*w - 6, 0 = -2*w + m. Suppose -3*i + 4*q = -617, -h*i + 396 = 5*q - 0*q. Is i a prime number?
False
Suppose -5*g - 82 = -2*l - l, l + 5*g = -6. Is l prime?
True
Suppose 0 = -4*h + 20, 0 = -u + 3*h - 0*h - 11. Suppose u*n + 3*z - 454 = 0, 571 = 8*n - 3*n + 2*z. Is n composite?
True
Let k be -2 - (-2)/(-4)*106. Suppose 4*a + 393 = 25. Let v = k - a. Is v a prime number?
True
Let x = 74 - 33. Suppose x + 18 = o. Suppose 0*z - o = -z. Is z a composite number?
False
Suppose -4*b = -3*i + i + 10, 3*b + 3 = 0. Let k = 150 + -1. Suppose k = i*q - 4*j + 2*j, -5*j - 208 = -4*q. Is q prime?
True
Let o(i) = 3*i**3 + i**2 + 6*i + 1. Let a be o(-4). Is 2/(((-6)/a)/3) a composite number?
False
Suppose -4*l - 2*k - 2*k + 16 = 0, -k = 4*l - 13. Suppose 5*c - 355 = l*j, 3*c + c = -5*j + 321. Is c prime?
False
Suppose 4*q - 644 = 384. Is q prime?
True
Let j = -18 - -71. Is j a prime number?
True
Let u = -40 - -74. Let a = -15 + u. Is a composite?
False
Suppose 0 = -5*r + r + 1140. Suppose -4*s + r = -239. Is s a composite number?
False
Suppose -z - 4 = 4*k, 2 - 22 = -z + 4*k. Suppose 4*d = -5*s - z, 5*d + 10 = -s + 5*s. Suppose -4*y + 208 + 60 = s. Is y prime?
True
Suppose -22*q + 25*q = -1713. Let z = q - -804. Is z prime?
True
Suppose 3*w - 30 = 3. Let k be 41 + -1 + 2 + -2. Let g = k + w. Is g a prime number?
False
Let q = -2 + 2. Suppose g - 4*z = 18, q*g + 12 = g + 2*z. Suppose -5*x - g = -119. Is x composite?
True
Let y(u) = 168*u**2 - u. Let d be y(-1). Suppose -3*a = c - d, -61 = -a - c + 3*c. Is a a prime number?
False
Let i(u) be the second derivative of -u**5/10 - u**4 + 5*u**3/6 + u**2 + 3*u. Is i(-9) prime?
True
Is 334 - (0 + (-12)/(-4)) composite?
False
Suppose -11*y = -2*y - 10053. Is y a composite number?
False
Suppose 0 = -6*u + 2*u + 764. Is u composite?
False
Suppose 12*x = 8*x + 2532. Suppose -5*s + 308 + 329 = 2*t, -5*s + 2*t + x = 0. Is s composite?
False
Let h = 2834 - -1445. Is h prime?
False
Suppose 0*u + 2 = u - 4*q, 50 = 3*u - q. Is ((-62)/(-3))/(12/u) a prime number?
True
Let i = -698 - -1063. Is i a composite number?
True
Suppose -4*m + 1855 = m. Is m prime?
False
Let c = 321 + -122. Is c composite?
False
Let u(j) = -74*j + 1. Is u(-2) composite?
False
Suppose 2*i = 5*n - 15, 2*n + 2*i = -n + 25. Suppose -w + n*w = -20. Let d(s) = s**2 + 2*s + 6. Is d(w) prime?
False
Let v = -219 - -365. Let d = v - 52. Is d a prime number?
False
Suppose 5*n - 93 = -3*i, 7*n = 5*i + 3*n - 155. Let j = i - 20. Is j prime?
True
Suppose 9*c - 4*c = -d + 5, -14 = 3*c + 4*d. Suppose 0 = -2*v + c*r + 384 + 292, 320 = v + 5*r. Is v a composite number?
True
Let v(u) = -u**2 + 4*u + 8. Let h be v(5). Is (h + -4)*(-412 - -3) composite?
False
Let n(i) be the third derivative of i**5/20 + i**4/12 - i**3/3 + i**2. Is n(-7) a prime number?
True
Let g(m) = -7*m + 55. Is g(-12) a prime number?
True
Suppose 0 = 6*l + 8*l - 15386. Is l a prime number?
False
Let t(c) = 87*c - 2. Suppose -3*w + 2*w = l - 5, 0 = -3*w + 12. Is t(l) a prime number?
False
Let u be (-3 - -2) + -570 - -1. Let z be u/9 - (-2)/6. Let o = z - -100. Is o a composite number?
False
Let w = 2 + 4. Suppose -w*t = -t - 235. Suppose t = u + 5*a, -5*a + 59 = 3*u - 62. Is u composite?
False
Let z(g) = -g**3 + 9*g**2 - 5*g - 1. Let o(h) = 7 - 7*h**2 + 1 + 2*h**2 + 4*h**2. Let k be o(0). Is z(k) composite?
False
Suppose 0 = m + 12*m - 3419. Is m composite?
False
Let g(w) = w - 2. Let k be g(3). Let u = k - -5. Is u prime?
False
Let t(q) = -q + 12 + 12*q + 121*q**2 + 13*q**2 - 4. Let k(d) = 45*d**2 + 4*d + 3. Let n(s) = -8*k(s) + 3*t(s). Is n(1) prime?
True
Let w(q) be the second derivative of q**3/6 + 3*q**2/2 + q. Suppose -h = 2*h. Is w(h) a prime number?
True
Is (-2)/(-5)*295/2 a composite number?
False
Let s(o) = -o**3 - 6*o**2 - 4*o + 9. Is s(-5) a composite number?
True
Let v(n) = -6*n - 27. Let i(d) = -3*d - 13. Let m(z) = -5*i(z) + 2*v(z). Let b = -1 - -9. Is m(b) a composite number?
True
Suppose -212 = -2*k - c - c, -4*c = -3*k + 339. Suppose -h + 22 = -k. Is h composite?
False
Let x = 5754 - 3343. Is x a prime number?
True
Suppose 0*w - 2*w - 20 = 0. Let x = w + 33. Is x a prime number?
True
Suppose 3*p + 345 = 8*p. Is p a prime number?
False
Let c be (-2)/6*(-7 - 14). Is ((-2)/(-6))/(c/1029) prime?
False
Let a = 6 - -1. Suppose -4 = -3*u + s, -5*u + 6 + 3 = -4*s. Suppose -x = u - a. Is x a composite number?
True
Let c(w) = 175*w**2 + 8*w + 5. Is c(-2) prime?
False
Let k(d) = -d**2 + 9*d + 5. Suppose -3*b - 2 = -0*o - 4*o, -3*b + 5*o + 2 = 0. Let t = b + 11. Is k(t) prime?
False
Suppose -4*f = -5*n - 13, 4*n + 28 + 1 = -3*f. Let y(z) be the first derivative of -43*z**2/2 - 2*z + 6. Is y(f) a prime number?
True
Let q(u) = 6*u + 1. Let a be q(-1). Let w(z) = -3*z + 1. Let b be w(-1). Let v = b - a. Is v a prime number?
False
Suppose -5*i + 2*m + 3387 = 0, 2*m - 3383 = -0*i - 5*i. Is i prime?
True
Is ((-268)/(-6))/(6/9) a composite number?
False
Let m(b) = b - 3. Let p be m(5). Suppose 3*g + 3*r - 540 = 0, -3*g + 2*g + 171 = -2*r. Suppose 0 = -3*v - 3*k + 6*k + g, 2*v - 102 = -p*k. Is v prime?
False
Let c(l) = 230*l - 15. Is c(10) composite?
True
Let q = 2297 - 1376. Is q composite?
True
Let w(u) = 2*u**2 - 2*u + 3. Let b(d) = -d**3 - d**2 - d. Let j(h) = -b(h) - w(h). Let i be j(2). Suppose i*r - 4*r - 161 = -4*v, v + 230 = 5*r. Is r prime?
True
Let x(h) be the first derivative of -7*h**2/2 - 10*h + 3. Suppose 0 = 7*a - 8*a - 7. Is x(a) composite?
True
Let v(n) = 3*n**2 - 3*n - 1. Is v(12) prime?
False
Let a(o) = -o**3 + o. Let t(x) = x**3 + 4*x**2 - 4*x + 1. Let y(m) = -2*a(m) - t(m). Let z be y(6). Let i = z + -48. Is i a prime number?
False
Suppose -b - 4*o = -19, 0 = -3*b + 2*o + 4 + 67. Let p = 142 - b. Is p a prime number?
False
Let i = 4 - 7. Is 61 + i/(6/4) composite?
False
Let m be (1/2)/(2/4). Suppose m = o - 5. Is (-2 + 177/o)*2 a prime number?
False
Is 182 + (-2 + 1)*-3 a prime number?
False
Let p = 26 - -12. Suppose 0 = 5*c - c - 488. Suppose 5*g - 3*i = c, 0*i - p = -g + 4*i. Is g a composite number?
True
Is ((-36)/60)/((-2)/130) a composite number?
True
Let n(l) be the second derivative of l**4/3 - 5*l**3/6 + l**2/2 + 3*l. Is n(-4) prime?
False
Let u be 18/6 - (3 + -2). Is (-4)/12*(u + -176) prime?
False
Let b = 98 - -155. Is b prime?
False
Let z be ((-486)/(-15))/(5/100). Let p = -437 + z. Is p prime?
True
Suppose 3 = -3*r - k, -5*r - 2 - 3 = -5*k. Let j be 0/2*r/(-2). Suppose 0 = -j*h - 5*h + 385. Is h composite?
True
Let k = -32 + 78. Let f = -3 + 4. Let b = f + k. Is b a composite number?
False
Let g(p) = -10*p + 9. Is g(-6) composite?
True
Let c = 17 - 10. Suppose 4*k + 114 = 2*z, 4*z - 2*k - 211 + c = 0. Suppose -o + 2*o = z. Is o prime?
False
Let h be (2 - 5)*57/3. Is 1 - (h + 1/(-1)) prime?
True
Let a = 39 - 22. Let n(m) = 10*m - 21. Is n(a) prime?
True
Suppose 0 = 5*z - 3*n + 125, z - n = 2*n - 13. Let y = 74 + z. Is y composite?
True
Let o be 1 - 6 - (-5)/5. Let d(w) = -2*w**3 - w**2 - 2*w - 1. Is d(o) a prime number?
False
Suppose 5*d + 3*c = 403, 0*c + 399 = 5*d - c. Suppose -7*y + 129 = -4*y. Let a = d - y. Is a prime?
True
